3?
0
What is the units digit of 42209629?
9
What is the billions digit of 1409840413?
1
What is the hundred thousands digit of 65645600?
6
What is the thousands digit of 4500801147?
1
What is the ten thousands digit of 4866339633?
3
What is the thousands digit of 1527788005?
8
What is the units digit of 167253151?
1
What is the tens digit of 52352769?
6
What is the millions digit of 3736707348?
6
What is the hundred thousands digit of 37340992?
3
What is the tens digit of 11733454?
5
What is the hundred millions digit of 117691114?
1
What is the thousands digit of 64379121?
9
What is the ten thousands digit of 283983594?
8
What is the hundred thousands digit of 53692532?
6
What is the hundred thousands digit of 191928316?
9
What is the hundred thousands digit of 805860020?
8
What is the ten millions digit of 18537078?
1
What is the units digit of 2821010053?
3
What is the hundred thousands digit of 52342040?
3
What is the hundreds digit of 2110814482?
4
What is the units digit of 55372825?
5
What is the tens digit of 439733063?
6
What is the ten thousands digit of 19625408?
2
What is the thousands digit of 370566667?
6
What is the hundreds digit of 46224524?
5
What is the millions digit of 992696582?
2
What is the hundreds digit of 53860957?
9
What is the ten thousands digit of 51449940?
4
What is the tens digit of 968432269?
6
What is the hundreds digit of 136149747?
7
What is the billions digit of 2975872170?
2
What is the ten thousands digit of 28347770?
4
What is the ten millions digit of 207082245?
0
What is the thousands digit of 1148297?
8
What is the thousands digit of 2801168913?
8
What is the billions digit of 1621755646?
1
What is the tens digit of 128453565?
6
What is the ten thousands digit of 763919967?
1
What is the tens digit of 24524113?
1
What is the ten thousands digit of 13158442?
5
What is the ten millions digit of 87369969?
8
What is the hundred thousands digit of 625764480?
7
What is the ten thousands digit of 807674312?
7
What is the millions digit of 2542598840?
2
What is the ten thousands digit of 395377177?
7
What is the thousands digit of 3804783588?
3
What is the units digit of 84158955?
5
What is the units digit of 6057486664?
4
What is the thousands digit of 938601829?
1
What is the thousands digit of 1593008395?
8
What is the ten millions digit of 15691800?
1
What is the hundreds digit of 60221597?
5
What is the hundred millions digit of 167858456?
1
What is the units digit of 28531239?
9
What is the hundred thousands digit of 199715168?
7
What is the hundred thousands digit of 207363169?
3
What is the units digit of 466216297?
7
What is the thousands digit of 10948891?
8
What is the ten thousands digit of 94281495?
8
What is the millions digit of 148044681?
8
What is the units digit of 11782982?
2
What is the thousands digit of 1378399117?
9
What is the hundred thousands digit of 1148137656?
1
What is the hundreds digit of 128180211?
2
What is the ten millions digit of 230890825?
3
What is the millions digit of 55209040?
5
What is the hundreds digit of 945021254?
2
What is the ten thousands digit of 138560026?
6
What is the hundreds digit of 475752595?
5
What is the hundred thousands digit of 257779832?
7
What is the hundred millions digit of 8300518696?
3
What is the hundred thousands digit of 56037885?
0
What is the hundred thousands digit of 207388095?
3
What is the units digit of 1675266637?
7
What is the tens digit of 538308247?
4
What is the units digit of 171693071?
1
What is the units digit of 224505278?
8
What is the thousands digit of 183961931?
1
What is the hundred millions digit of 657821190?
6
What is the hundred thousands digit of 1172286240?
2
What is the units digit of 351854959?
9
What is the ten thousands digit of 18993149?
9
What is the hundred thousands digit of 24093785?
0
What is the millions digit of 55356296?
5
What is the thousands digit of 238082608?
2
What is the ten thousands digit of 34098185?
9
What is the ten thousands digit of 496021031?
2
What is the thousands digit of 82527664?
7
What is the ten millions digit of 81716163?
8
What is the ten thousands digit of 54480330?
8
What is the ten millions digit of 199050246?
9
What is the units digit of 1367188283?
3
What is the ten millions digit of 82868699?
8
What is the ten millions digit of 81203295?
8
What is the hundred millions digit of 5282377340?
2
What is the tens digit of 2240524553?
5
What is the ten thousands digit of 4584869207?
6
What is the hundred millions digit of 2293632007?
2
What is the ten thousands digit of 970330161?
3
What is the hundred thousands digit of 45723176?
7
What is the ten thousands digit of 5096359456?
5
What is the hundred thousands digit of 278261148?
2
What is the units digit of 652527675?
5
What is the thousands digit of 97194055?
4
What is the tens digit of 982123420?
2
What is the hundreds digit of 3340981?
9
What is the tens digit of 690313102?
0
What is the hundred thousands digit of 7405629?
4
What is the ten thousands digit of 2327550264?
5
What is the ten millions digit of 1111238260?
1
What is the units digit of 2142765510?
0
What is the millions digit of 58489843?
8
What is the hundreds digit of 2603694775?
7
What is the units digit of 62298884?
4
What is the thousands digit of 46146497?
6
What is the ten thousands digit of 5425338777?
3
What is the hundreds digit of 588630961?
9
What is the hundreds digit of 108968146?
1
What is the ten thousands digit of 800687351?
8
What is the hundred thousands digit of 455256453?
2
What is the millions digit of 495280101?
5
What is the units digit of 289821054?
4
What is the millions digit of 23614184?
3
What is the hundred millions digit of 104346135?
1
What is the units digit of 413404367?
7
What is the hundred thousands digit of 863309330?
3
What is the hundred millions digit of 1537318161?
5
What is the ten thousands digit of 34962068?
6
What is the thousands digit of 57056656?
6
What is the thousands digit of 223733030?
3
What is the hundred thousands digit of 48843345?
8
What is the hundred millions digit of 586317285?
5
What is the hundred millions digit of 284431167?
2
What is the hundred millions digit of 2085695632?
0
What is the ten thousands digit of 37163243?
6
What is the tens digit of 619705737?
3
What is the ten thousands digit of 10165393?
6
What is the ten millions digit of 473438381?
7
What is the ten millions digit of 10038453?
1
What is the ten millions digit of 20040373?
2
What is the billions digit of 1539162403?
1
What is the hundred thousands digit of 55087783?
0
What is the ten thousands digit of 2542312359?
1
What is the ten millions digit of 17863459?
1
What is the units digit of 13362192?
2
What is the units digit of 13221603?
3
What is the hundred thousands digit of 48613580?
6
What is the hundred millions digit of 1667022692?
6
What is the billions digit of 5427338955?
5
What is the units digit of 1395192699?
9
What is the units digit of 1129901557?
7
What is the hundred millions digit of 513193299?
5
What is the hundred thousands digit of 91253610?
2
What is the billions digit of 6501753914?
6
What is the hundred thousands digit of 162612725?
6
What is the ten thousands digit of 750969893?
6
What is the hundreds digit of 962608170?
1
What is the units digit of 3774524?
4
What is the units digit of 44210427?
7
What is the ten millions digit of 191365599?
9
What is the tens digit of 838331896?
9
What is the billions digit of 2429937506?
2
What is the ten millions digit of 180686159?
8
What is the ten millions digit of 84554977?
8
What is the billions digit of 1398324059?
1
What is the ten millions digit of 944763301?
4
What is the thousands digit of 81003159?
3
What is the tens digit of 4246374?
7
What is the ten thousands digit of 23058407?
5
What is the ten millions digit of 1446113834?
4
What is the millions digit of 316638599?
6
What is the millions digit of 1181406108?
1
What is the units digit of 121851253?
3
What is the millions digit of 14037536?
4
What is the ten millions digit of 264716585?
6
What is the hundred thousands digit of 67069634?
0
What is the tens digit of 48328095?
9
What is the hundred millions digit of 643649472?
6
What is the millions digit of 557831141?
7
What is the hundred thousands di